ate 11 - (1 - 0) - 19.
-9
Evaluate -21 + 20 - (3 - 1).
-3
What is the value of 15 + -11 - (-1 - -1)?
4
What is the value of 8 + 2 + (6 - 15)?
1
Calculate 4 + (7 - (-1 + 7)).
5
What is the value of 1 + (-10 - -1) + (12 - 9)?
-5
What is the value of (-6 - -3) + 8 - 6?
-1
What is -11 - (-3 + -9 - 2)?
3
5 + (0 - 8) - -2
-1
What is 1 + (2 - 1) + 1 + -7?
-4
Evaluate 130 + -134 + -1 + 11.
6
What is -2 - (-2 - 5) - (-12 + 11)?
6
Calculate -4 - (-8 - -1 - -5) - -7.
5
Calculate -4 + -3 + 4 + 7 + -5.
-1
5 - 1 - (-1 + 7)
-2
(-9 - 4) + 42 + -27
2
Evaluate (-7 - 2) + (3 - (3 - 5)).
-4
Calculate 6 + 0 + -13 + -12 + 12.
-7
What is the value of -5 + (7 - 7) - (-5 + 0)?
0
Calculate -11 - ((-12 - 11) + 7).
5
What is the value of -1 + -1 + 1 + -5 + 7?
1
What is -8 - (2 - (-5 + 4 - -5))?
-6
What is 1 - (6 + -6 - -1)?
0
What is (-3 + 10 + -12 - 0) + 9?
4
Calculate -5 + (1 + -7 - (0 - 8)).
-3
Evaluate -3 + 0 - ((3 - 5) + -1).
0
What is -5 + 6 - (-6 + 4)?
3
Evaluate -6 + (10 - -1 - 6).
-1
3 + 4 + -2 + -5
0
Calculate -128 - -134 - (0 + 0 + 11).
-5
Evaluate 2 - 2 - (-1 - -3 - 0).
-2
3 + 0 + 26 + -29
0
Calculate 2 - (-1 + 1) - 4.
-2
Evaluate -4 + 10 + (4 + -5 - 1).
4
(2 - (-8 - -4)) + -5 + 4
5
Evaluate 2 + 3 + -9 + 3 - -5.
4
What is 10 + 3 + (-26 - -23)?
10
What is the value of -6 + 1 + 10 - 16?
-11
(10 - 8) + 2 + -1
3
What is -3 + (2 - -4 - (2 + 1))?
0
15 - 15 - ((-1 - 1) + 4)
-2
What is 4 + -5 + -6 + 5 - 4?
-6
What is 7 + 0 - (4 - (0 + 0))?
3
Evaluate 0 + (3 - (0 + 6)) + -2.
-5
7 + 1 - (7 - -5 - 4)
0
What is the value of 10 - (-6 + -5 + 27)?
-6
5 + -6 + (-2 - (-2 - 3))
2
5 - (20 + (-15 - -1))
-1
Calculate 3 + (-8 - 0) + 4 + 1.
0
0 + -4 + 5 + 0
1
What is (5 - 6 - 1) + (-1 - 2)?
-5
What is -1 + -1 + (9 - 17) + 6?
-4
5 + -2 + (-3 - -2 - -3)
5
Evaluate -2 + 1 + (-9 - -15).
5
What is -1 + -1 - (0 + (5 - 6))?
-1
3 - (6 - (4 - 5) - 1)
-3
What is the value of -2 - (2 - 0) - (51 - 52)?
-3
(-3 - (0 + -2)) + (2 - 5)
-4
Evaluate -10 - (1 + -3) - (2 + -7).
-3
What is -12 + (8 - 3) + 6?
-1
-6 + 3 + 0 - -12
9
-1 - (2 - 8 - 0)
5
What is the value of 3 + -17 + (2 - -6) + -2?
-8
Calculate -5 - (2 - -1 - (-4 - -13)).
1
What is -6 + 13 + 3 + -7?
3
Evaluate -6 + (6 - 1) + -3 + 2.
-2
What is the value of -2 + 6 + (-4 - (-1 + -1))?
2
Evaluate (65 - 65) + (-1 - 2).
-3
Evaluate -7 + -9 + 10 - (0 + 5).
-11
Evaluate (-2 - -9) + (-6 - (-21 - -13)).
9
Evaluate -7 + (2 + 0 + 2 - 2).
-5
What is -7 + (1 - 1 - (-6 + 4))?
-5
What is the value of 5 + 2 + -7 + -7 + 4?
-3
Calculate 3 - (4 + -7 + 9).
-3
What is the value of 8 - ((-1 - 3) + -2 + 9)?
5
4 + -6 + -10 - (-4 + -2)
-6
Evaluate 0 + (2 - (2 + (0 - 2))).
2
What is -7 + 3 + (4 - 1)?
-1
What is 4 - (2 - 8 - -3)?
7
Calculate -4 + 1 + -11 + 7 - -3.
-4
Calculate (-7 - -2) + -21 + 32.
6
Evaluate 3 + 3 + -4 + 3.
5
(-3 + 4 - 3) + 5
3
Calculate (3 - 0) + -9 + 8 + 5.
7
Evaluate (5 - 0) + (18 - (2 - -14)).
7
What is -2 - (10 - 2 - (-6 + 18))?
2
What is the value of 1 + 3 + (-157 - -154)?
1
What is the value of 2 + 3 - (0 + 0) - 1?
4
Evaluate 2 + 2 + (-1 + -3 - -1).
1
What is the value of -3 - 1 - (-9 + 6)?
-1
3 + 5 + 0 + 0 + -4
4
Calculate 23 - 14 - (-6 - -7).
8
Evaluate (-9 - (-25 - -8)) + -10.
-2
0 + 0 + (-9 - (-8 + 0))
-1
Calculate -4 - (-8 - (-15 + 7)).
-4
What is 0 + 2 - (10 + -9)?
1
0 + 4 + -2 + 7 + -6
3
Calculate -2 + (-7 - -5) + 10.
6
1 - (3 - 11 - -3)
6
What is 3 - (6 + 2 + -5 + -4)?
4
Calculate -7 + 0 - (-23 + 18 - -2).
-4
Calculate 1 + -5 + 9 + -8.
-3
-1 - -4 - (4 - (3 + -6))
-4
Evaluate (2 - (7 + -11)) + -2 + -2.
2
-5 - (2 - (0 + 3))
-4
Evaluate 17 + -19 + 5 + 2 + -2.
3
What is -4 + -1 + (-2 - -4)?
-3
19 - (-12 + 10 - -12)
9
What is 1 - -7 - (5 - (5 + -3))?
5
Calculate 1 + -7 + -2 - -8.
0
8 + (1 - 4) - 5
0
What is (-1 - -1) + 4 + -5?
-1
What is -1 + 8 - (4 + 3 - -4)?
-4
Calculate (0 - -4 - 14) + 16.
6
What is the value of (2 + 5 - 6 - 0) + -5?
-4
Evaluate -3 - (-1 + 5 + -2 - 3).
-2
(-6 - -14) + (-7 - -7)
8
Calculate -17 - -18 - (6 + (0 - 0)).
-5
What is -2 + 1 + 5 + 0?
4
What is the value of (-2 + -2 - -9) + -3?
2
Calculate 12 + -12 - (-6 + (-2 - -2)).
6
What is the value of -1 + -1 + 3 + -1 + 2?
2
What is -1 + (-6 - ((2 - 1) + -7))?
-1
2 - (0 + 1) - 3 - 3
-5
What is (-2 - (7 - 0)) + 12?
3
What is 5 + -5 + -4 + 2?
-2
What is the value of 8 + -5 + -1 + -5?
-3
What is 1 + 3 + (1 + -4 - 0)?
1
8 + (-9 - (-2 - -2))
-1
What is the value of 3 - (-2 - -2) - (13 + -8)?
-2
What is the value of 21 + -23 - -1 - (1 + -5)?
3
Evaluate (6 - 10) + (0 - -1 - -6).
3
Calculate -1 + 2 + (-3 + 0 - 0).
-2
(-6 - (-5 - -14)) + 10
-5
What is the value of 3 + 2 + (2 - 7)?
0
-3 + 4 + -3 - 1
-3
-2 - -6 - ((0 - -4) + -1)
1
-7 - -3 - -12 - 11
-3
7 - 2 - (-8 + 14)
-1
Calculate -3 + (5 - (-7 - (1 - 9))).
1
Evaluate -14 - (1 - 0 - (3 + 2)).
-10
What is 9 + -3 + 3 + (-6 - -2)?
5
Calculate (-3 - (-5 + 3)) + 2 + -8.
-7
Calculate -8 + -1 - (5 - 7) - -2.
-5
What is the value of 1 + -4 - (6 + -5)?
-4
Calculate 3 + (-1 - 7) + 1.
-4
What is the value of 3 + -6 + 4 - -4?
5
Calculate -4 + 0 + 1 + 3 + -1.
-1
Calculate -2 - (1 - 0 - 1).
-2
What is 15 + (0 - 12) - 10?
-7
What is 1 + -1 - (6 - (-1 - -2))?
-5
What is (2 - (-1 + -4)) + -3?
4
(31 - 25) + (2 + -1 - 16)
-9
Evaluate (6 - (-2 + 3)) + -7.
-2
Evaluate 1 + 3 - ((4 - 5) + 3).
2
-5 + -1 + -3 + 7
-2
What is -2 + 12 - (19 + -6)?
-3
Calculate -1 + (-2 - 0) + -37 + 45.
5
What is the value of 2 + -5 - -5 - 2?
0
What is the value of 4 + (5 - 13 - (-5 + 1))?
0
Evaluate (0 - 2 - (-7 + 9)) + 9.
5
Evaluate 0 + 5 + -2 - (11 - 12).
4
Calculate (-3 - (6 + -4)) + 8.
3
Calculate 6 + 1 + (0 - 13) + -4.
-10
Evaluate 3 - 7 - -4 - 3.
-3
Calculate (-9 - -2) + (-2 - (-15 - 1)).
7
Evaluate 0 + -4 - (-20 + 11).
5
Evaluate (-2 - -4) + (9 - 8 - 6).
-3
3 + (5 + -2 - (5 - 1))
2
Evaluate (5 - (3 - 3)) + -2 - 0.
3
What is 0 + 2 + (12 - 18)?
-4
Calculate (-4 - -7) + -3 + (2 - -4).
6
What is the value of -8 + -6 + (3 - -3) + 7?
-1
What is (-48 - -51) + (-2 - -1)?
2
Evaluate (11 - (-10 + 17)) + -1.
3
-11 - -3 - (5 + -13)
0
Evaluate (-1 + -9 - (-1 - 1)) + 4.
-4
What is -2 + -1 + 9 - 4?
2
Calculate -1 + (-5 - -8 - 6).
-4
18 - 19 - (1 - 0)
-2
Evaluate -2 - 5 - -3 - -8.
4
What is 6 + (5 - 10) + -7?
-6
What is 5 - (2 + -2 + (-8 - -11))?
2
What is (0 - 5) + -2 + 0 + -2?
-9
Evaluate 99 - 104 - (0 + 1 + 0).
-6
5 + -2 + -3 - -3
3
Evaluate 5 + (7 - 6) - 2.
4
Evaluate 10 + -6 + 1 + -1.
4
What is -14 - (2 + -9) - -7?
0
What is 14 + -20 + -3 + 10?
1
-3 + -5 - -1 - -9
2
What is 3 - (9 + -3 - (0 - -8))?
5
Evaluate 11 - (10 + (-8 - -8)).
1
-12 + (8 - 3) + -5 - -4
-8
Calculate 4 + (5 - (12 - 1)) + 5.
3
7 + 5 + -2 + -7 - 1
2
1 - (-5 + (-4 - (1 + -14)))
-3
Evaluate 11 + 11 + -21 - -2.
3
What is -6 + (-6 - -15) + -1?
2
What is -8 + 3 + 3 + -2 - -3?
-1
(-1 - (4 + -3)) + -1
-3
Calculate 8 + -10 + 6 - 4.
0
What is the value of 8 + -4 - 0 - -1?
5
-2 + (-1 + -1 - -7)
3
What is -6 + -1 + 0 + (7 - 3)?
-3
(1 - 0) + -4 - (-1 - 2)
0
What is the value of (4 - (0 + 6)) + 7?
5
What is -5 - (3 + 3 + -7) - -6?
2
What is -1 + (-2 - -6) + 1 - 4?
0
Calculate (59 - 59) + (-14 - -4).
-10
3 - (32 - 29 - (-6 + 0))
-6
Calculate -7 + 0 + 3 + 2.
-2
(6 - 6) + 1 - (-4 + 0)
5
What is 6 + (-14 - -19 - 11)?
0
1 + -1 - (4 + -2)
-2
Evaluate -122 + 122 - (1 + -1 + 2).
-2
2 + (-56 + 52 - (2 - 1))
-3
Evaluate 6 + (1 - 10) - -7.
4
1 + (2 - 11 - -8)
0
Evaluate -3 - ((-5 - -11) + -11).
2
-3 + 2 + 4 - (-23 - -21)
5
What is 11 - 27 - -9 - -2?
-5
Evaluate (-2 + 8 - 7) + 1.
0
Calculate (5 - (-5 + 15)) + 9.
4
Evaluate 1 + (-7 + 2 - (-1 - 2)).
-1
-7 + 5 + 3 + 1
2
(254 - 264) + (10 - 0)
0
What is the value of -10 - (-8 - (8 - 8))?
-2
Evaluate 4 + -2 + (0 - -2 - 0).
4
What is the value of 3 - (0 - (4 + -7))?
0
What is the value of -2 + 3 + -5 + -1?
-5
What is 18 + -11 - 11 - -11?
7
What is the value of 3 - (-13 - (8 - 14))?
10
-2 - 1 - (-6 + 1)
2
Calculate 7 + -11 - (-1 + 1 - 0).
-4
8 + -6 + -16 + 20
6
Calculate -22 + 24 + (-14 - 0) + 6.
-6
Evaluate 0 + (5 - 1) + -2 + 2.
4
What is the value of -6 + (-10 - (-18 - 4))?
6
Calculate -1 + 2 - (-6 + 7 + -1).
1
Calculate (-5 - -9 - 1) + -1.
2
What is the value of 3 - 21 - (-10 - 0)?
-8
Evaluate 7 - (4 - (-1 - (-1 - 2))).
5
Evaluate (-2 - 1) + (0 - 1).
-4
Evaluate (7 - (1 + 1)) + -13 + 5.
-3
What is 0 - (4 + -2) - -7?
5
What is 3 + 6 + 0 + 2 - 5?
6
Calculate -7 + 11 + -6 + -1.
-3
0 - (6 +